k + 2*s + 19. Let w be (-3 - -2)/((-1)/(-17)). Let t = -7 - w. Calculate the highest common factor of k and t.
10
Let o(w) = 19*w**2 + 2*w - 1. Let v be o(1). Suppose 4*n = v, -n - 72 = -2*p - 3*n. Let x = p - 17. What is the greatest common factor of x and 21?
7
Let i(a) = 14*a + 480. Let k be i(-25). What is the greatest common factor of k and 100?
10
Let v(m) = m**3 + 8*m**2 - m - 10. Let h be v(-8). Let j be h/(-1) - 2/(-2). Let q be j/4 + (-45)/(-20). Calculate the greatest common factor of 33 and q.
3
Let j(r) = r**3 + 19*r**2 - 48*r + 8. Let w be j(-21). What is the highest common factor of 2546 and w?
134
Let b = 0 - 2. Let u be 2 - 2 - (b + -5). Suppose -4*k = -9*k + 140. What is the greatest common divisor of k and u?
7
Let q be ((-4)/2)/(6/(-105)). Let c(s) = 3*s - s + 11 - 35 + 19. Let d be c(5). Calculate the greatest common divisor of d and q.
5
Let v(c) = -c**2 + 16*c - 2. Let l be v(15). Calculate the greatest common factor of l and 13.
13
Suppose -14*b + 10*b = -52. Let z = -9 - -13. Suppose -z*d = -4*y + 172, -2*y + d + 19 = -63. Calculate the highest common factor of b and y.
13
Let h = -9659 - -9667. Let p(j) = -j**3 + j**2 + j + 40. Let i be p(0). What is the highest common factor of h and i?
8
Suppose w = 2 - 1. Suppose -2 - w = i. Let n be (i - (-46)/14)*7. Calculate the greatest common factor of n and 3.
1
Let o = -82 - -122. Suppose a - 87 = 13. What is the greatest common factor of a and o?
20
Let o be 43/9 + (-4)/(-18). Let f = 10 - -3. Let q = f + -8. What is the greatest common factor of q and o?
5
Suppose -5*v = z - 62, 258 - 44 = 5*z + v. Calculate the highest common divisor of 1 and z.
1
Let z = 127 + -112. Suppose -4*k = -7*k + 60. Calculate the greatest common divisor of z and k.
5
Suppose 2275 = -24*k + 31*k. Calculate the highest common factor of k and 130.
65
Let m(i) = -14*i**3 - i**2 - i. Let s be m(-1). Let w be 2/6 - (-102)/(-9). Let k = s + w. What is the highest common factor of 2 and k?
1
Suppose 0 = -19*w + 7*w + 24. Let u be (w/6)/((-7)/(-126)). What is the highest common divisor of u and 54?
6
Let z = -156 - -436. Suppose -5*r = -5*b - 10, 0 = 4*r - 19 - 1. Suppose w = -b*w + z. Calculate the highest common divisor of w and 10.
10
Let t be 7 + (-11 - (-3 + -2)). Let g = -3 - -7. Calculate the highest common factor of g and t.
1
Let g(m) = -22*m - 452. Let y be g(-23). What is the greatest common divisor of y and 576?
18
Suppose -2*r - r + g = 92, 5*g = -20. Let s = r + 43. Calculate the greatest common divisor of 11 and s.
11
Suppose 135 = x - 3*j, 3*x - 3*j = 166 + 239. What is the highest common divisor of 27 and x?
27
Let z(j) = -14*j**3 + j**2 + j + 1. Let k be z(-1). Suppose -3*h + 15 = 0, -d - 4*h - h - 4 = 0. Let l = d + 59. Calculate the highest common factor of k and l.
15
Let n = -103 + 99. Let t be (n - 0)/((-2)/3)*8. What is the greatest common divisor of 72 and t?
24
Suppose -38 + 5 = -11*v. Suppose 9*c - 50 = 4*c. Suppose v*u - l - 8 = 89, -5*l = -c. What is the highest common divisor of u and 22?
11
Let h(q) = -3*q**3 - 9*q**2 - 6. Let w be h(-4). Suppose 43*v = w*v + 11. Calculate the greatest common divisor of 209 and v.
11
Let m(j) = -j - 2. Let h be m(0). Let t be (-1 - 3)*(h + 1). Let d be t/(4/1) + 2. Calculate the greatest common divisor of 2 and d.
1
Let y = -118 - -176. Let g = 22 + y. Calculate the greatest common divisor of g and 10.
10
Suppose 0 = -5*a - 2*p + 21, a - 13 = 3*p + p. What is the highest common factor of 40 and a?
5
Let o = -57 + 105. Let t(r) = r**3 - 10*r**2 + 17*r - 60. Let p be t(9). What is the highest common divisor of p and o?
12
Suppose -3*z + 4*z + 3*g - 297 = 0, 3*z = 5*g + 975. Suppose -2*i + 43 + 27 = 0. Calculate the highest common factor of z and i.
35
Let d(k) = 7*k**2 + k - 1. Let r be d(1). Let f be (54 - 55)*(-1)/1. What is the greatest common factor of f and r?
1
Suppose 5*g - 4 = 1. Let j be (g/3)/((-2)/12). Let n be 165/20 + j/8. What is the greatest common factor of n and 12?
4
Suppose -25 = 2*b + 3*b, -z - 5*b = 21. Suppose -4*j = -z*o - 1694 - 446, 4*j + o = 2115. What is the greatest common factor of j and 53?
53
Suppose -5*b = -0*b + 30. Let p be (-42)/(-14)*(-220)/b. Suppose -t + 34 = 5*a, 3*t + 2*t - 5*a - p = 0. Calculate the highest common factor of 8 and t.
8
Let h(v) = 4*v**2 - 6*v + 4. Let d be 12/5 - (-6)/(-15). Let m be h(d). Calculate the highest common factor of m and 8.
8
Suppose t = -f + 36 - 13, 48 = 2*f + 3*t. Let r be (-1338)/(-14) + 9/f. What is the highest common factor of r and 12?
12
Suppose t + 2*q = -4, -3*q - 6 = -3*t - 2*t. Suppose t = 13*p - 346 - 18. Calculate the highest common factor of 28 and p.
28
Let j = 6 + 19. Let t = j + -11. What is the highest common divisor of t and 14?
14
Let b = 3965 + -1846. What is the greatest common factor of b and 13?
13
Suppose 5*x - 113 = -2*y, 2*y + 4*x - 3*x - 109 = 0. Suppose -7*h + 24 = -5*h. Let j = h + 6. Calculate the greatest common divisor of y and j.
18
Let k = -3 + 23. Suppose 0 = m - 0*m + d - k, 14 = m - 2*d. Calculate the greatest common factor of 9 and m.
9
Let x be (-1 + -4)/(85/(-102)). Suppose x*u = 973 - 343. What is the highest common divisor of 42 and u?
21
Let t(f) be the first derivative of 4*f**3/3 - 4*f**2 + 3*f + 15. Let n be t(3). Calculate the greatest common factor of n and 25.
5
Let x be 2*3/(-6)*-1. Let w(b) = 49*b - 1. Let l be w(x). Suppose -2*i = -5*i + l. What is the greatest common divisor of 176 and i?
16
Suppose 0 = 27*f + 414 + 72. Let b(l) = -l - 2. Let a be b(-2). Let m be (-2 + a)*18/f. What is the highest common divisor of 22 and m?
2
Let z be (-7)/((-14)/4)*1. Let t = z - 1. Suppose 0 - t = -r. Calculate the greatest common factor of r and 1.
1
Let p = -11 + 14. Suppose p*l - 30 = 2*h + 23, 0 = 2*l - 4*h - 22. What is the greatest common factor of 3 and l?
3
Let g = 24 - 20. Let f = 24 - g. Suppose 0 = -5*c - k + 45, 0 = 5*c + 3*k - 68 + 13. What is the highest common divisor of f and c?
4
Let u(v) = v**2 - 3*v + 6. Let j be u(-6). Calculate the highest common divisor of 165 and j.
15
Let z be 1*(1 + -7)*20/(-15). Calculate the highest common factor of 12 and z.
4
Let v(b) = -56*b - 368. Let o be v(-7). What is the greatest common divisor of 180 and o?
12
Suppose 28*b = 27*b + 33. Suppose z - 6*z + 85 = 2*o, 0 = -3*z - 15. What is the greatest common divisor of o and b?
11
Let d(o) = -4*o - 75. Let z be d(-19). Let x be 8/z - -1 - 237/79. What is the greatest common divisor of 6 and x?
6
Let b be (-10)/(50/(-3015)) + 7. Calculate the highest common factor of b and 1098.
122
Let z(j) = j**3 + 4*j**2 - 14*j + 18. Let d be z(4). Calculate the highest common factor of 465 and d.
15
Let w be -3 - -1 - (-61 - (4 - 7)). Let r be (-1)/5 - (-108)/15. Calculate the highest common factor of w and r.
7
Let k be 82/(-369) + (-4)/(72/(-130)). What is the highest common divisor of k and 63?
7
Suppose 3*r - 3132 = -15*r. What is the greatest common divisor of 406 and r?
58
Let n(q) be the third derivative of q**5/10 - q**4/12 - q**3/6 + 14*q**2. Let o be n(-5). Let w = o + -31. What is the highest common factor of w and 16?
16
Suppose -814 - 71 = -3*y. What is the highest common factor of 177 and y?
59
Suppose 3*g = -h + 751, 4*h + 20 = -0. Let x = -23 + 51. What is the highest common factor of x and g?
28
Let o(g) = -g**2 + 4*g + 9. Let r be o(5). Suppose f = 3*t - 21, -t + 4*f - 6 = -r*t. Calculate the greatest common divisor of 6 and t.
6
Let q = -279 + 312. Calculate the greatest common factor of 77 and q.
11
Suppose -4*r = 3*g + 12, 5 = -3*g - 3*r - 4. Suppose 3*w - w + 2*x + 2 = 0, 3*w + 4*x + 5 = g. Calculate the highest common factor of w and 7.
1
Suppose 4*c - c - 5*t = 37, -3*t = 2*c + 7. Suppose -c*l + 315 = l. What is the highest common factor of 21 and l?
21
Suppose -92 - 16 = -a. What is the highest common factor of a and 36?
36
Let s(y) = 7*y + 37. Let j be s(-5). Let r = -3 - -3. Suppose -4*z + j*f = -r*z - 172, f = -3*z + 139. What is the highest common factor of z and 9?
9
Let v = -82 + 128. Let p = v - 44. Calculate the highest common divisor of 22 and p.
2
Let q(p) = -2*p**2 + 4*p**2 - 1 - 2*p + 0*p**2 + 2 - p**3. Let o be q(1). Suppose -j - 7 + 25 = o. Calculate the greatest common divisor of 126 and j.
18
Let h(a) =